2?
-10
In base 11, what is -5 - 66?
-70
In base 8, what is 41 + -11?
30
In base 12, what is -92 - -52?
-40
In base 9, what is -4 - 23?
-27
In base 5, what is 1023 + -130?
343
In base 15, what is -542 - -3?
-53e
In base 14, what is -28 - ba?
-104
In base 15, what is -3 - -e3?
e0
In base 9, what is -4 + -772?
-776
In base 10, what is -49 - 7?
-56
In base 10, what is -4 - 408?
-412
In base 11, what is -19 + -423?
-441
In base 15, what is 1 + 14a?
14b
In base 10, what is 2 + -24?
-22
In base 15, what is -222 - -1?
-221
In base 11, what is 16 - -4?
1a
In base 13, what is -5 - -39?
34
In base 7, what is 21 - -2023?
2044
In base 4, what is -210 + -11?
-221
In base 13, what is 0 + -b8?
-b8
In base 14, what is -41b1 - 1?
-41b2
In base 15, what is 28 - -b1?
d9
In base 16, what is 1b81 + 0?
1b81
In base 13, what is 2 - aa?
-a8
In base 8, what is 36 - -5?
43
In base 12, what is -28 - -1?
-27
In base 5, what is -422141 + 10?
-422131
In base 2, what is -1101100001 + -11?
-1101100100
In base 10, what is -3 - 24?
-27
In base 6, what is 1 + 50?
51
In base 7, what is -12 + -6?
-21
In base 11, what is -2 - 41?
-43
In base 15, what is 134 - 4?
130
In base 9, what is 1451 + 2?
1453
In base 12, what is 5 - -1a3?
1a8
In base 5, what is -32320 - -2?
-32313
In base 8, what is 0 + -16?
-16
In base 2, what is -1101 + 101001?
11100
In base 11, what is 5 + 1?
6
In base 9, what is -31 + -661?
-702
In base 12, what is -4 + -155?
-159
In base 15, what is 6d + 3?
71
In base 2, what is 110110 + 1101?
1000011
In base 13, what is 5 - -111?
116
In base 8, what is -165 + -11?
-176
In base 14, what is a - a?
0
In base 15, what is -420 + -3?
-423
In base 6, what is -3 - -2?
-1
In base 4, what is -3 - 330120?
-330123
In base 5, what is -1 - -141304?
141303
In base 11, what is 426 - -1?
427
In base 10, what is 3 - 854?
-851
In base 9, what is -6 - 27?
-34
In base 7, what is 2 - -460?
462
In base 9, what is -5 - 28?
-34
In base 11, what is 13 + 340?
353
In base 13, what is -715 + 1?
-714
In base 5, what is 42 + 0?
42
In base 6, what is -5 + 2022?
2013
In base 8, what is 0 - -37?
37
In base 8, what is -515 + 4?
-511
In base 16, what is 3 - 1e0?
-1dd
In base 3, what is -1210 + 11202?
2222
In base 5, what is 1 + 12?
13
In base 10, what is -3256 + 6?
-3250
In base 10, what is -3 + -18?
-21
In base 3, what is -222 - 222?
-1221
In base 14, what is 5 + 255?
25a
In base 2, what is 110000 + 101?
110101
In base 9, what is 4 + 64?
68
In base 6, what is -3 - 412?
-415
In base 7, what is -4 + 356?
352
In base 12, what is -5 - -50?
47
In base 10, what is -730 + 1?
-729
In base 9, what is 0 + 411?
411
In base 16, what is 1 - 7?
-6
In base 9, what is 4561 - -5?
4566
In base 6, what is 3112 - 5?
3103
In base 6, what is 2 + 2141?
2143
In base 3, what is 10 + -12210222?
-12210212
In base 7, what is 36411 + 5?
36416
In base 15, what is -4 - -1a7?
1a3
In base 16, what is 7d + -6?
77
In base 6, what is -20 + -35?
-55
In base 11, what is -3852 + -2?
-3854
In base 8, what is 100 - -10?
110
In base 15, what is -3 + 23?
20
In base 15, what is 10c - e?
ed
In base 11, what is 5 - 7?
-2
In base 9, what is -2 - 1331?
-1333
In base 14, what is 6 - -147?
14d
In base 8, what is 251 - -7?
260
In base 7, what is -106 - -4?
-102
In base 13, what is a5 - -12?
b7
In base 14, what is -141c + 5?
-1417
In base 8, what is -11225 + 0?
-11225
In base 5, what is -130 - -11?
-114
In base 13, what is 3 - 2c?
-29
In base 11, what is 0 - 1380?
-1380
In base 11, what is a98 - 9?
a8a
In base 4, what is -2100 + -230?
-2330
In base 10, what is 58 - -16?
74
In base 8, what is 10 + -352?
-342
In base 10, what is 17 + -9?
8
In base 9, what is 0 + 17?
17
In base 2, what is -110000 + 11?
-101101
In base 8, what is 220 - 0?
220
In base 5, what is 243 - -121?
414
In base 15, what is -60 + -2?
-62
In base 7, what is 3050 - 3?
3044
In base 9, what is 5 - -118?
124
In base 16, what is 4 - -acf?
ad3
In base 13, what is c0 + 1?
c1
In base 13, what is -8 - -4a?
42
In base 4, what is 0 + -1222?
-1222
In base 11, what is 3440 + -2?
3439
In base 9, what is -1 + -21?
-22
In base 9, what is 3 - 34?
-31
In base 13, what is -453 + 7?
-449
In base 14, what is 3 + b?
10
In base 12, what is 41 + 8?
49
In base 15, what is -285 - 2?
-287
In base 14, what is 1 - -49?
4a
In base 15, what is 2b - -1?
2c
In base 5, what is -242 + -10?
-302
In base 12, what is -35 - -24?
-11
In base 2, what is -101 - -1100100001?
1100011100
In base 16, what is 4 - 447?
-443
In base 11, what is -46 + 3?
-43
In base 4, what is 10 + 311?
321
In base 4, what is -1331 + 121?
-1210
In base 14, what is 4 - dc?
-d8
In base 8, what is 5 + -3420?
-3413
In base 14, what is 1bc + -1?
1bb
In base 3, what is 12 + 110201?
110220
In base 5, what is 14334 - -2?
14341
In base 12, what is 12 + 0?
12
In base 11, what is -4 + 128?
124
In base 13, what is -6 + 1b?
15
In base 5, what is -114104 - 0?
-114104
In base 8, what is 1157 + 11?
1170
In base 2, what is 1 - 11001100010?
-11001100001
In base 12, what is -2 + -2?
-4
In base 9, what is 466 - -3?
470
In base 5, what is 3 + -12?
-4
In base 6, what is 40 + 1?
41
In base 3, what is 20101 - 12?
20012
In base 2, what is -111010 - -100?
-110110
In base 2, what is 1101111011 + 11?
1101111110
In base 2, what is -1 - -1110?
1101
In base 4, what is 122 - -2?
130
In base 9, what is 1113 + 24?
1137
In base 7, what is 2 - -3215?
3220
In base 5, what is -2 + -233?
-240
In base 2, what is 100 - 11100?
-11000
In base 5, what is -4413 + -4?
-4422
In base 14, what is 0 + 44?
44
In base 16, what is -3 + -64?
-67
In base 5, what is -3 - -20144?
20141
In base 13, what is -2 + -37?
-39
In base 12, what is -1 - 173?
-174
In base 7, what is -10555 - 2?
-10560
In base 8, what is 33 + 60?
113
In base 6, what is -142 + -2?
-144
In base 11, what is 15 - -14?
29
In base 3, what is -11110 + -2?
-11112
In base 12, what is 2 - 1980?
-197a
In base 3, what is -121202 + 0?
-121202
In base 10, what is -31 + -2?
-33
In base 3, what is 22 - 200?
-101
In base 8, what is -4 - -34?
30
In base 15, what is 2 - -46a?
46c
In base 15, what is 26a + 5?
270
In base 8, what is -674 + -3?
-677
In base 13, what is 4 + 25b?
262
In base 7, what is 40 + -14?
23
In base 8, what is -31023 - 4?
-31027
In base 9, what is 1125 + 12?
1137
In base 13, what is 5 - 24?
-1c
In base 8, what is 253 - 5?
246
In base 6, what is -1 + -101?
-102
In base 15, what is -c7b + 2?
-c79
In base 15, what is 121 - -33?
154
In base 16, what is -857 - -3?
-854
In base 3, what is -10011 - 1?
-10012
In base 12, what is 17a1 - 1?
17a0
In base 7, what is 161 + 4?
165
In base 11, what is 76 - -4?
7a
In base 15, what is -160 - 5?
-165
In base 7, what is 26 + -360?
-331
In base 15, what is -44b + 35?
-416
In base 13, what is -5 - -295c?
2957
In base 8, what is 50 - 27?
21
In base 10, what is -2 + -74?
-76
In base 15, what is 28 - -2?
2a
In base 15, what is -1da8 + -2?
-1daa
In base 9, what is -33760 - -2?
-33757
In base 2, what is 10 - 110111110101?
-110111110011
In base 13, what is -a248 - 3?
-a24b
In base 15, what is 3 + 7c?
80
In base 2, what is -11 - -10101011?
10101000
In base 3, what is -10 + 122011?
122001
In base 9, what is 13 - 284?
-271
In base 4, what is 1333 + -1?
1332
In base 11, what is 2 + -5?
-3
In base 11, what is -2 + -4a5?
-4a7
In base 11, what is 498 - -10?
4a8
In base 6, what is 15 + 144?
203
In base 6, what is 514 + 14?
532
In base 15, what is -6976 + -2?
-6978
In base 7, what is 6163 - 1?
6162
In base 12, what is -2680 - 3?
-2683
In base 3, what is 10 + -11110?
-11100
In base 9, what is 3 - 442?
-438
In base 16, what is -1b6 - -5?
-1b1
In base 2, what is 101010 + -111?
100011
In base 15, what is 744 + 4?
748
In base 6, what is -3 - -140?
133
In base 9, what is -5 + 200?
184
In base 11, what is -24a - -35?
-215
In base 3, what is -12112 + 112?
-12000
In base 7, what is -1 - 211?
-212
In base 4, what is -3221 + 101?
-3120
In base 6, what is 2 - 204?
-202
In base 15, what is 37 - -1?
38
In base 2, what is 10000100 - 11?
10000001
In base 10, what is -1 - 623?
-624
In base 2, what is 1001 + -11000?
-1111
In base 11, what is -4 + 683?
67a
In base 11, what is -12 - -a4?
92
In base 2, what is -110 - -1100101?
1011111
In base 11, what is -135 + -1?
-136
In base 4, what is 11 + 233?
310
In base 15, what is 1cc - -1?
1cd
I